e prime factors of 4 + (0 - g - -1)?
2
Suppose -y - 5*k + 10 = -3*k, 4*y - 2*k - 50 = 0. Let z = 21 - y. Let a = 0 + z. List the prime factors of a.
3
Let k(y) = y**3 + 11*y**2 - 9*y + 13. Let u be k(-12). Let f = u - -35. What are the prime factors of (78/f)/(2/4)?
13
Suppose 18*n = 23*n - 10. Suppose 0 = -5*o + m + 338, -o + n*m = -6*o + 329. What are the prime factors of o?
67
Suppose 0 = 7*d - 10*d + 36. List the prime factors of (3 - 1) + 1260/d.
107
Let g(b) = 8*b + 7. Let o = 12 - 18. Let y be g(o). Let i = -9 - y. What are the prime factors of i?
2
Suppose -4*u = -4*t + t + 144, 0 = -2*u - 2*t - 86. Let o be u/2*(-4)/(-3). List the prime factors of o/6*(-5 + 2).
13
Let n = -5060 - -3114. What are the prime factors of n/(-8) + (-14)/56?
3
Suppose 5*p + s - 1500 = 855, -2*s = -10. List the prime factors of p.
2, 5, 47
Let z = -86 - -146. Suppose y = 114 - z. What are the prime factors of y?
2, 3
Let a = -1998 + 7948. List the prime factors of a.
2, 5, 7, 17
Suppose 4*a + 0*a - 16 = 0. Let k(q) = -1 - 1 + 6*q - q - a*q. List the prime factors of k(4).
2
Suppose -103*u + 3010 = -98*u. Let g = -421 + u. What are the prime factors of g?
181
Suppose -3*k = 3*d - 12, 0*d + 2 = -2*d. Suppose 2*r = -2*g - 0*g + 14, -r - k*g - 9 = 0. What are the prime factors of r?
11
Suppose -3*t = -q - 2593, -4*t - q + 2622 = -847. What are the prime factors of t?
2, 433
Suppose -z + 80 = 18. Suppose 0 = -4*h - a + 568, z = -4*h + a + 638. List the prime factors of h.
11, 13
Let r(h) = h**3 + 14*h**2 + 10*h - 10. Let j be r(-13). Let p = 50 - j. Let l = 25 - p. What are the prime factors of l?
2
Let i be ((-8)/(-10))/((-3)/(-15)). Suppose i + 16 = p. What are the prime factors of (2*-1)/(p/(-530))?
53
What are the prime factors of 8/24 + 3 + 5428/6?
2, 227
Let k(c) = 2*c**3 - 31*c**2 + 137. List the prime factors of k(16).
3, 131
Let d = -24 - -6. Let s = -18 - d. List the prime factors of 2 + 35 - (s + -1).
2, 19
Let n(v) = 95*v**3 + 1 - 3 + 9*v - 7*v. What are the prime factors of n(1)?
5, 19
Let z = 352 + -14. List the prime factors of z.
2, 13
Let m = -11 - -13. Suppose m*y + 4 = 5*q - 23, 4*q - 16 = -4*y. Suppose -q*g = -22 - 3. What are the prime factors of g?
5
Let r be -6*3/((-18)/280). Suppose -5*c - r = -2*n + 6*n, -4*n = 20. Let a = -22 - c. What are the prime factors of a?
2, 3, 5
Let q(f) = -6*f**2 - 7*f - 6. Let n(o) = 5*o**2 + 7*o + 6. Let p(j) = 5*n(j) + 4*q(j). What are the prime factors of p(6)?
2, 3, 7
Let y be 16/(-10) + (-9)/(-15). Let g be (-18)/5*(1 - -4). What are the prime factors of 9/(-3) - (y + g)?
2
Suppose m = -5*v, 4*m = -v - 3*v + 64. What are the prime factors of 1722/10 - -1 - m/(-25)?
2, 3, 29
Let d = -6212 + 11517. What are the prime factors of d?
5, 1061
Let i(z) = 1105*z + 3. What are the prime factors of i(1)?
2, 277
Suppose -3*t = 3, -2*u + 4*t + 0*t - 12 = 0. List the prime factors of (15 + -27)*u/3.
2
Let q = 4262 - 1957. List the prime factors of q.
5, 461
Suppose 103*k - 86*k = 40086. What are the prime factors of k?
2, 3, 131
Suppose 8 = 3*d + d. What are the prime factors of (-2)/(d/19*-1)?
19
What are the prime factors of (5 + 0 + 208/(-5))*-35?
3, 7, 61
Let s(h) = 2*h - 10. Let m be s(6). Suppose 0 = 6*a - m*a, 350 = 5*b - 5*a. List the prime factors of b.
2, 5, 7
Suppose -1 + 169 = -3*g. Let y = g + 98. What are the prime factors of y?
2, 3, 7
Suppose 3*a - 7*a = 0. Let t be (-366)/4*(5 - 152/24). Suppose 4*v + 2 - t = a. List the prime factors of v.
2, 3, 5
Let i(y) be the first derivative of 7*y**3/3 - 2*y**2 + 5*y - 3. Let k be i(2). Suppose -3*f + 5*l - 7 = -2*f, -5*l = 5*f - k. List the prime factors of f.
3
List the prime factors of 12/21 + (-31184)/(-112).
3, 31
Suppose -c + u + 80 = 6*u, -2*c - 5*u = -140. Let a be (1 + -15)*52/(-8). Let t = a - c. List the prime factors of t.
31
Let m = 67 + -30. Let n = m - 35. What are the prime factors of n?
2
Suppose 7*t - 7 = 7. Let v be (t*-1)/((-13)/1222). Let w = -130 + v. List the prime factors of w.
2, 29
Let c be (2/6)/((-21)/(-5229)). Let a = c - 54. What are the prime factors of a?
29
Suppose -5*b + 4255 = 30*i - 25*i, 3*b + 1722 = 2*i. What are the prime factors of i?
3, 5, 19
Let k = -1139 - -1872. List the prime factors of k.
733
Let t(d) = -d**3 + d**2 + 5*d + 2020. List the prime factors of t(0).
2, 5, 101
Let n(i) = 30*i**2 + i - 1. Let l be n(1). Suppose -4*t - 6 = 5*r, -5*r + l = -2*t - 3*t. What are the prime factors of 24/(-18)*18/t?
2, 3
Let b be ((-50)/15 - 4)/((-4)/6). Suppose 339 = b*k + 75. List the prime factors of k.
2, 3
Suppose 0 = -2*g - 0*g + 46. Let b = g + -19. List the prime factors of b/34 - 576/(-17).
2, 17
Let z(j) = 28*j**2 + 8*j + 3. Let g be z(-3). Suppose -4*a = g - 695. List the prime factors of a.
2, 29
Suppose 9*v - 40*v = -30039. List the prime factors of v.
3, 17, 19
Let l = 59 - -544. What are the prime factors of l?
3, 67
Let h = -1 - -5. Suppose 0 = -h*i + i + 4*j + 106, -i - j = -47. List the prime factors of i.
2, 3, 7
Suppose -292 = -10*u + 8. Suppose -u*k = -24*k - 762. What are the prime factors of k?
127
Suppose -3*y - 71 = -3*k - k, 2*k - 48 = 2*y. Suppose 0 = 2*r - 3*r - 36. Let s = y - r. List the prime factors of s.
11
Let r(x) = 8*x**2 + 2*x + 2. Let i be r(-5). Let b = i + 40. List the prime factors of b.
2, 29
Suppose 0 = 7*i + 5*i + 396. Let t = i - -80. List the prime factors of t.
47
Let t(y) = y**2 - y + 20. Let j be t(0). Suppose -2*c - 4*h = -j, -3 = -c - 3*h + 11. Suppose -c*m = -m - 11. What are the prime factors of m?
11
Suppose 16*p - 43507 = -16883. What are the prime factors of p?
2, 13
Let g(f) = 3*f**3 + 5*f**2 - f - 3. Let i be g(-5). Let b = 363 + i. List the prime factors of b.
5, 23
Let c(o) = 6 + 1 - 2 + 26*o - 1. Let a be c(3). Suppose 3*h - 3*t - a = -8*t, 4*h + t - 132 = 0. What are the prime factors of h?
2, 17
Suppose -3*x = -3*r - 12 - 21, -5*r = 15. Suppose x*f + 172 = 2*b + 4*f, 5*f + 259 = 3*b. List the prime factors of b.
2, 11
Suppose 16 = 11*z - 6122. What are the prime factors of z?
2, 3, 31
Let r = 264 + -151. Let x = r + -23. List the prime factors of x.
2, 3, 5
Let r = 321 - 35. List the prime factors of r.
2, 11, 13
Let x(s) = 769*s**3 - 6*s**2 + 7*s - 2. List the prime factors of x(1).
2, 3
Let k be (-11)/(0 - (2 - 1)). Suppose -7 = 4*y - 23. Suppose -n - 5*t + k + 3 = 0, 3*t = y*n - 79. List the prime factors of n.
19
Let y = 317 - 39. List the prime factors of y.
2, 139
Let o(w) be the first derivative of 7*w**4/12 - w**3/6 - w**2 + w - 1. Let k(c) be the first derivative of o(c). List the prime factors of k(2).
2, 3
Let l be ((-4)/8)/(1/(-144)). Suppose -l + 12 = -t. What are the prime factors of t?
2, 3, 5
Let h(p) = -p**3 + 17*p**2 + 29*p - 41. List the prime factors of h(18).
157
Let t = -57 + 60. Let y = 48 + t. List the prime factors of y.
3, 17
Let z be -1 + (0 - (-4 - -1)). Suppose z*n + n = 138. List the prime factors of n.
2, 23
Let b(j) = j**3 + 11*j**2 - 14*j - 22. Let z be b(-12). Suppose z*l = -5*r + 344, -4*l - 2*r + 945 = 257. List the prime factors of l.
2, 43
Suppose -51570 = 45*a - 193095. What are the prime factors of a?
5, 17, 37
Suppose -12 = -4*k + 4. Suppose -2*f = 4*f - 24. Suppose 3*d = -f*x + 149, -d = d + k*x - 106. What are the prime factors of d?
43
Suppose 3*s = 8*s - q, -4*s = 5*q. Suppose -v + 4*h = -s*v + 8, 0 = -4*h + 16. List the prime factors of v.
2
Let l = 2 - 6. Let b(j) = -j**3 - j**2 + j + 1. Let w(a) = 5*a**3 + 5*a**2 - 2*a - 7. Let p(t) = 6*b(t) + w(t). What are the prime factors of p(l)?
31
Suppose 4*v + 1 = 5. List the prime factors of 15 + -12 - (-24 - v).
2, 7
Suppose -3*q = -1825 - 335. List the prime factors of q.
2, 3, 5
Let i = -34 + 49. Let d be 324/i - 6/10. Suppose 0*x + d = x. List the prime factors of x.
3, 7
List the prime factors of 3/(-9)*15 + (1 - -407).
13, 31
Let y(r) = r**2 - 22*r - 229. What are the prime factors of y(31)?
2, 5
Suppose -2*v = -4*f - 22, 3*v - 4*f - 23 = 2. Suppose 5*a - 461 = u, -2 - 270 = -v*a - 4*u. What are the prime factors of a?
2, 23
Let i(t) = -t. Let a be i(6). Let u = a - -25. What are the prime factors of u?
19
Suppose c = 5*c + 12, -3*t = -4*c + 36. Suppose 260 = 7*o + 64. List the prime factors of (t/o)/(2/(-119)).
2, 17
Let m = -2010 - -5698. List the prime factors of m